 + 2*h = -0*p + 994, -a*p = 3*h - 1240. What is the units digit of p?
1
Let l = 320 + -326. What is the hundreds digit of 1048/4 - l - -1?
2
Suppose 18*u - 93077 = 82855. What is the thousands digit of u?
9
Suppose -11*z = -8*z - 4*n - 81522, 5*z + n = 135847. Suppose z = 32*p - 10*p. What is the thousands digit of p?
1
Suppose 5*w = 4*i - 2, 2*i + 5*w + 4 = -10. Let u(t) = -82*t**3 - 2*t**2 + 4*t + 5. What is the units digit of u(i)?
5
Suppose 6*x = 10*x + 32. Let l(q) = -q**3 - 7*q**2 + 8*q + 12. Let z be l(x). Suppose -c - 125 = -5*n, -c - z - 35 = -2*n. What is the tens digit of n?
2
Suppose -3*q + 29 = -5*m, 31 = q + 4*q - 4*m. Suppose -x = q*x. Let j(b) = -2*b + 71. What is the tens digit of j(x)?
7
Let b be 2/(-15)*-3 - 298431/(-135). Suppose 5*i + 287 = 3*y + b, -y = i - 388. What is the tens digit of i?
8
Let y(z) = -57*z**2 - 4*z + 8. Let t be y(2). What is the units digit of t/(5/(-50)*3)?
0
Let z be ((-10)/(-4))/((-5)/(-12)). Let p be 8/z*(-51)/34. What is the units digit of (305 - 3)/2 + p?
9
Suppose -4*b + b - 5*a = -5, -11 = 3*b + a. Let l be (-4)/(-10) - 13/b. Suppose l*n + 705 = 5*s, 4*s + 0*n - 5*n - 577 = 0. What is the units digit of s?
8
Let p = -640 + 632. What is the hundreds digit of (3 + -963)*(-5 - p/2)?
9
Let i(c) = 7*c + 42. Let s be i(-6). Suppose -4*r = 6*q - 2*q, 4*r = q. Suppose s = d + 2*h - 79, -d = -r*h + 3*h - 83. What is the units digit of d?
1
Suppose 21*l + 11*l + 16672 = 0. Let s = 124 - l. What is the tens digit of s?
4
Suppose -8*p - 24 = -112. Suppose -9*q - p*q = -3020. What is the tens digit of q?
5
Suppose 2*j - 51025 = 3*g, -47787 = -4*j + g + 54268. What is the tens digit of j?
1
What is the units digit of 10/(-10) - 0 - 25011/(-7)?
2
Let x be (968/40 + -3)/((-1)/5). Let a = x + 104. What is the units digit of (-600)/(-16) + 1 + 1/a?
8
Let z = 21 - 8. Suppose 3627 = z*f - 4*f. What is the hundreds digit of f?
4
Suppose 305*r + 1997375 = 5285141 + 6466439. What is the thousands digit of r?
1
Let a(n) = -4*n**2 + 8*n + 1. Let h be a(4). Let m = 29 + h. Let y(c) = -20*c + 2. What is the tens digit of y(m)?
4
Let z be 9/(-15) - 1/((-30)/72078). Suppose -2*d + 5*m + z = 352, 4044 = 4*d + 4*m. What is the thousands digit of d?
1
Let i = -1058 - -3782. Let u = i - 1521. What is the thousands digit of u?
1
Let o = -5731 + 8926. What is the units digit of o?
5
Let z = -4586 - -20350. Suppose 4*j + z = 11*j. Suppose -j = -11*k + 201. What is the units digit of k?
3
Let n(v) = 2120*v**3 - 4*v**2 + 25*v - 48. What is the hundreds digit of n(2)?
9
Let a be (-1)/3 + 4/(-12)*-2611. Suppose 0 = 3*h + 12, -h + 6*h - a = -5*j. Let u = j - 74. What is the units digit of u?
4
Let a be (-8)/10 + 0 + (-18348)/(-110). Suppose 3*j + a = x, -63*x + 58*x = 3*j - 920. What is the tens digit of x?
8
Let m = 5801 + -3443. What is the thousands digit of m?
2
Let r(k) = -24*k**2 + 7*k + 9. Let p be r(-2). Suppose -2*m + 41 - 7 = 0. Let o = m - p. What is the units digit of o?
8
Let q be (10112/192)/(2/(-3)). Let b = 749 - q. What is the tens digit of b?
2
Let k = -552 + 554. Suppose 6*c - 3497 = k*c - 3*w, -2*w = 5*c - 4366. What is the tens digit of c?
7
Let p = -164 + 546. Suppose 5*g = -4*x + 1910, -g + p = 31*x - 27*x. What is the units digit of g?
2
Let b(k) be the first derivative of 3*k**3 - 3*k**2 - 8*k - 7. Let y be b(4). Let l = y + -15. What is the tens digit of l?
9
Suppose 0 = -6*i - 0*i + 12. Let k be ((-121)/22)/(1/i)*3. What is the tens digit of (0 - -3 - k) + 0?
3
Let i = -58 + 60. Suppose 4*k + 416 = 6*k - i*s, -4*k + 825 = 3*s. What is the tens digit of k?
0
Suppose -3366 = 4*y - 5*l + 1945, 3992 = -3*y + 2*l. Let s = y + 2793. What is the thousands digit of s?
1
Suppose -1050 - 159 = 13*u. Let q = 102 + u. What is the units digit of ((-87)/q)/((-10)/(-6) + -2)?
9
Let b(m) = -1546*m - 2418. What is the thousands digit of b(-12)?
6
Suppose 3*l + 5 = -q, -3*q + 5*l = q - 65. Let b be (-4849)/(-65) + (-6)/q. What is the tens digit of 0 + -2 + (b - 13)?
5
Let v be ((378/(-12))/(-7))/(12/1696). Let q = -339 + v. What is the units digit of q?
7
Let a(m) = 2 + 5 + 5 + 574*m - 3 - 1. What is the units digit of a(2)?
6
Let x(o) = -145*o**3 - 3*o - 2. Let i be x(-1). Suppose i = 2*g - 168. What is the units digit of g?
7
Suppose -6*k = 15*k. Suppose -2*r + 2*b + 186 = -352, 5*r + 4*b - 1327 = k. What is the hundreds digit of r?
2
Let g(v) = 11*v**2 + 143*v + 24. Let j be (4 + 286/39)*6/(-4). What is the units digit of g(j)?
2
Let d be 84/(-15) + 6/(-15). What is the units digit of (-328)/(1*(d - -5))?
8
Let q be 2*11*(-7)/14. Let t(w) = -28*w - 48. What is the tens digit of t(q)?
6
Let r(p) = 482*p**2 + 12*p + 2. Let b be r(4). Suppose -b = 21*o - 29917. What is the thousands digit of o?
1
Suppose -4*h + 4*o = 12, -4*h - 20 = 4*o + 24. What is the tens digit of (-1 - 258/5)*(h + 2)?
6
Suppose 670206 = -1320*z + 1358*z. What is the tens digit of z?
3
Let x(v) = 7*v - 28. Let s be x(4). Suppose s = 5*r - 2*r - 756. What is the tens digit of r?
5
Let f be (20/25)/(16/200). Let z(r) = 8*r**2 + 2 - 23 - 1 - 7*r**2. What is the tens digit of z(f)?
7
Let m(l) = l**2 - 41*l + 287. What is the thousands digit of m(-117)?
8
Suppose -27632 = -40*x - 27672. Suppose w + w + 4 = 0. What is the units digit of (-2 - x)*242/w?
1
Suppose 0*c - 3*d - 7 = c, -3*d = -c - 37. Let h = c - -32. What is the units digit of (-25)/h*4/(-5)?
2
Let j = -32037 - -73766. Suppose -31*z = -j - 5577. What is the thousands digit of z?
1
Suppose o - 4*i = 17398, -19*o + i - 86990 = -24*o. What is the tens digit of o?
9
Suppose 22*m - 394435 = 29373. What is the tens digit of m?
6
Let u = 243 - 245. What is the tens digit of 2 - (-1)/(u/(-990))?
9
Suppose -88860 = -4*s - 4*d, 6*s + 2*d - 22208 = 5*s. What is the ten thousands digit of s?
2
Suppose 3*z - 16410 = -4*b, 5*b - 11*z + 10*z - 20484 = 0. What is the hundreds digit of b?
0
Suppose -11084*s + 954996 = -11056*s. What is the tens digit of s?
0
Let d be (-630)/(-81) + (-8)/(-36). Let v(p) = 68*p - 121. What is the units digit of v(d)?
3
Let x = -181 - -179. What is the units digit of (-2349)/(-21) + x - 10/(-70)?
0
Let g(b) = 180*b - 1687. What is the hundreds digit of g(23)?
4
Suppose -148727 + 5207 = -13*v. What is the hundreds digit of v?
0
Let l(p) = -41*p - 96. Let y be l(-21). What is the tens digit of (-66)/55*y/(-6)?
5
What is the hundreds digit of -5*(12/(-15) + 169136/(-310))?
7
Suppose -11*r = -9*r - 4. Let x(l) = 38*l**2 + 2*l + 1. Let w be x(r). Suppose -5*g - w = -3*s, 4*s + 4*g = 5*s - 50. What is the tens digit of s?
5
Suppose 19*i = -4*g + 15*i + 86412, 0 = -5*g - 3*i + 108003. What is the thousands digit of g?
1
Suppose -6*h + 1353562 - 12085598 = -139*h. What is the ten thousands digit of h?
8
Suppose 7*z = 3*l + 6*z - 13, 3*z = -4*l. What is the units digit of l/(-9*1/(-138))?
6
Let u = 659 - 725. What is the hundreds digit of 2 + 273*u/(-18)?
0
Let l be 3956/5 - -2 - 3/15. Suppose -7*h + l = 37. What is the tens digit of h?
0
Let x(y) be the third derivative of 3*y**5/20 + y**3/3 - y**2. Suppose -43*v - 71 - 113 = -55. What is the tens digit of x(v)?
8
Let j = -255 - -277. Suppose -j*y + 133 = -6005. What is the hundreds digit of y?
2
Let h(k) = 8 - 2*k**3 - k - 7*k - 4*k**2 - k**3 - 4*k**2. Let c(u) = 2*u**3 + 8*u**2 + 8*u - 8. Let x(a) = -4*c(a) - 3*h(a). What is the units digit of x(10)?
8
Let w(p) = -4 - 4 + 14*p**3 + 6 - p**2 - 1 + 3*p. Let x be w(2). What is the tens digit of x + (-2)/(-12)*3*0?
1
Suppose -3*o - 5 - 7 = 0. Let y be ((-1)/(-2))/(o/(-856)). Let r = -91 + y. What is the tens digit of r?
1
Let o(x) be the third derivative of -59*x**4/12 - 37*x**3/2 - 14*x**2 - 2*x. What is the tens digit of o(-11)?
8
Let d(f) = f**3 + 6*f**2 - 3*f + 1. Let l be d(-3). Let o be 3*(4 + 14/(-6)). Suppose o*y - l = -a - a, -10 = -2*y. What is the units digit of a?
6
Let v be -1 + 3/(2 + -5). Let p(o) = -31*o + 4 + 34*o + 22*o**2 + 3. What is the tens digit of p(v)?
8
Let z(r) = r**3 + 4*r**2 - 8*r - 17. Suppose -60 + 100 = 4*u. What is the units digit of z(u)?
3
Let a = -37477 - -66648. What is the hundreds digit of a?
1
Let s be (-100)/32 + (-1)/(-8). What is the hundreds digit of s + (-1026 - -2)/(-2)?
5
Let w = 94 - 89. Suppose 642 = 4*a + w*o + 190, -o = 3*a - 328. What is